s the thousands digit of (1080/(-14))/((-1038)/155008)?
1
Let j(q) = -389*q - 1204. Let m be j(-4). Suppose 0 = 5*y - 4*o + 426 + 399, 5*y + 850 = -o. Let d = m + y. What is the tens digit of d?
8
Suppose g - 6*g = -1690. Let s = 6976 - 6971. Suppose 0 = -2*h - 3*v + v + g, 885 = s*h - 3*v. What is the hundreds digit of h?
1
Suppose m + 383*k - 16513 = 379*k, 5*k = m - 16450. What is the ten thousands digit of m?
1
Suppose g - 4*y = -270, g + 985 = -3*g - 3*y. Let x = 446 + g. Suppose -2*j = -90 - x. What is the tens digit of j?
4
Let q(a) = -a**3 - 43*a**2 + 224*a - 145. What is the hundreds digit of q(-48)?
6
Suppose 46424 = -403*o + 417*o. What is the units digit of o?
6
Suppose 0 = -5*s + 60 + 90. Suppose 0 = -f - 9*f + 30. Suppose u - f*n - s = 0, 0 = -4*u - 3*n + 106 + 89. What is the tens digit of u?
4
Suppose -7*w + 248634 = -135111 + 18737. What is the tens digit of w?
4
Suppose -4*l + q = -5963, -6*l + 11*l = -5*q + 7485. Let s = l - 975. What is the hundreds digit of s?
5
Suppose 2*a = -l + 43246, 734*a - 5*l + 21605 = 735*a. What is the ten thousands digit of a?
2
Let a(k) = 2*k - 18. Let p be a(9). Suppose 4*v - 182 = -4*x + 630, -4*x - 4 = p. What is the units digit of v?
4
Let y = 57 - 33. Suppose -4*u + k + 92 = 0, -u + y = -5*k - 18. Suppose -u*t + 17*t = -110. What is the units digit of t?
2
Suppose 8*f - 56 = 0, 2*m - 34*f + 31*f - 13011 = 0. What is the thousands digit of m?
6
Let d(l) = -30*l**2 + 8*l + 11. Let i be d(-3). Let h = i - -366. What is the units digit of h?
3
What is the thousands digit of (-7 - (-9 - -11)*-7) + 15507?
5
Suppose 0 = -5*h + 6*h - 49. Suppose -39*t + h*t - 9020 = 0. What is the hundreds digit of t?
9
Let x(p) = -2*p**3 - 33*p**2 + 8*p - 3. Let n be x(-16). Let b = -283 - n. What is the hundreds digit of b?
1
Let z be (-3 - 32/(-4))*1. Suppose -n = z - 25. Let q = 28 + n. What is the tens digit of q?
4
Let y = -157 - -168. Let p(z) = 73*z - 292. What is the units digit of p(y)?
1
What is the units digit of (-2387532)/(-258)*1/14?
1
Let a(p) = -9*p**3 + 3*p - 58. What is the tens digit of a(-5)?
5
Let u be ((-1509)/(-9))/(13/6 + -2). What is the tens digit of u/4 - 5*2/(-20)?
5
Let b = 35514 + -24411. What is the tens digit of b?
0
Suppose 48*x + 30*x + 445973 = 1348745. What is the hundreds digit of x?
5
Let z = -2178 - -2177. Let v(a) = a**3 + 2*a**2 - 7*a - 6. Let g be v(-4). What is the tens digit of (g/z)/((-1)/(-3))?
3
Suppose -26*k + 3618 = -20*k. Let m = k - 431. What is the hundreds digit of m?
1
Let g(d) = -144*d**3 - 33*d**2 + 16*d - 119. What is the thousands digit of g(-8)?
1
Suppose 158 - 38 = 12*t. Suppose -t*d - 2265 = -15*d. What is the hundreds digit of d?
4
Suppose -3*s + s = -3*k - 18, 0 = 3*s - 4*k - 25. Suppose 3*w + w + 1146 = s*m, 3 = -w. What is the tens digit of m?
7
Suppose 33 = 2*w - 5*x, -2*w - 3*x = -0*x - 41. Let p = 724 - 726. What is the tens digit of 5/(p - 1/(-9)*w)?
4
What is the tens digit of 3191970/345 + 13/(1196/(-8))?
5
Suppose -5*c + 65389 = -4*i + 5903, 2*c = -4*i + 23800. What is the ten thousands digit of c?
1
Suppose -10*n + 6*n = v - 2715, -5*v - 3375 = -5*n. What is the tens digit of n + (3 - (9 - 3))?
7
Let z(x) = -194*x + 3. Let i = 44 + -47. What is the units digit of z(i)?
5
Let c(k) = -6454*k - 26. What is the units digit of c(-2)?
2
Suppose -3*h - 2*h = -t - 115, 3*t + 37 = h. What is the hundreds digit of h/3*300/8?
2
Suppose 28*g = 26*g - 43*g + 1185525. What is the units digit of g?
5
Let j(i) = 4274*i + 2. Let u be j(2). Suppose 23*n - 4*n - u = 0. What is the hundreds digit of n?
4
Suppose -41*a + 47*a = -1776. What is the units digit of 4/4*-1 - a?
5
Let i(u) = -10*u**2 - 3*u + 6. Let v be i(5). Let s = v - -534. What is the tens digit of s?
7
Let z(m) = 4*m**3 - m**2 + m + 2. Let n(s) = s**2 + s. Let b be n(2). Suppose -3 + b = y, 4*g = 2*y + 2. What is the units digit of z(g)?
2
Let u = -1001 - -8664. What is the hundreds digit of u?
6
Let g(z) = 2*z**3 + z**2 - 23*z + 41. Let p be g(2). Suppose -p*m - 27*m = -2772. What is the tens digit of m?
6
Let q(m) = m**2 - 34*m + 43. Let i be q(41). Suppose 71*h = 74*h - i. What is the hundreds digit of h?
1
Let x(i) = 10*i - 30. Let s(m) = 12*m - 28. Let a(b) = -6*s(b) + 5*x(b). Let w be (-1)/(-3) + (-22)/3. What is the tens digit of a(w)?
7
Let o(p) = p - 365. Suppose -u + 12 = -3*j, 5*j + 9 = -4*u - 11. Let s be o(u). Let y = s + 513. What is the hundreds digit of y?
1
Suppose -256 = 15*l - 601. Let b(o) = -o**3 + 25*o**2 - 42*o - 65. What is the tens digit of b(l)?
2
Let p = 2656 + 1049. What is the tens digit of p?
0
Suppose -9*g + 2 = 11. What is the tens digit of 2*329/(2 + g)?
5
Let w = 19472 + -8480. What is the hundreds digit of w?
9
Let j(y) = 579*y**2 - 1504*y - 19. What is the hundreds digit of j(10)?
8
Suppose 0 = -21*m + 26*m. Suppose 55 = h + 3*w, m*h = -2*h + 5*w + 66. Suppose -h*l + 42*l = -40. What is the units digit of l?
0
Suppose -16*i + 900 = -21*i. Let l(m) = -2*m**2 - 14*m + 5. Let x be l(4). Let d = x - i. What is the units digit of d?
7
Suppose 10*z - 155 = 55. Suppose -z*j + 11074 = -4487. What is the units digit of j?
1
Let c(i) = -151*i + 255. Let s be ((-4)/(-8))/((-376)/(-96) - 4). What is the thousands digit of c(s)?
1
Suppose 52*y - 4824 = 40*y. Suppose 5*a - 5 = 0, -u - 3*a + 8 = -0*u. Suppose u*t - y = -t. What is the units digit of t?
7
Let q(w) = -358*w + 14. Let c be q(-3). Let f be ((-2)/(-4))/(16/c). What is the tens digit of ((-85)/(-2))/(17/f)?
8
Suppose 47499 = 2*p - 3*q, -54221 - 40791 = -4*p + 4*q. What is the tens digit of p?
6
What is the thousands digit of 8 - -24828 - (2 + 1)*(36 - 35)?
4
Let w(i) = 7*i + 229. Let f(o) = 4*o + 114. Let m(l) = 11*f(l) - 6*w(l). Let t be m(0). Let y = 169 + t. What is the units digit of y?
9
Suppose -4*y + 1 = -11. Suppose 0 = 2*k - y*k + 7. Suppose -46 = -k*i + 31. What is the tens digit of i?
1
Suppose 4*w + 5*y - 15 = 0, 3*w - 12 = 79*y - 82*y. Suppose 4*f - f = -w*s + 893, -5*f = -2*s + 382. What is the hundreds digit of s?
1
Let f be 4 + (4 - 7) + 26. Suppose 0 = -f*u + 31*u - 528. What is the hundreds digit of (-4)/22 - (-6)/(u/2798)?
1
Suppose 0 = j + 3*m - 32141, -3*m + 96429 = 6*j - 3*j. What is the tens digit of j?
4
Let i(a) = 21*a - 96. Let z be i(8). Suppose 79*r - 6930 = z*r. What is the hundreds digit of r?
9
Let s be (-2 + 12/8)*3382. Let c = -971 - s. What is the tens digit of 8*(c/70 + 2/(-7))?
8
Suppose 25*n - 38*n + 117 = 0. Let p(c) = c**2 + 6*c + 52. What is the tens digit of p(n)?
8
Let u(z) = -z - z**2 - 6 - 2*z - 16*z. Let t be u(-18). Suppose 15*r - t*r = 57. What is the tens digit of r?
1
Suppose 180 = -2*w + 22*w. What is the units digit of 371/w + (-8)/36?
1
Let v be -4 + 2 + 84 + -4. Let i be (53/(4081/(-330)))/((-3)/35). Suppose 2*r + i = v. What is the tens digit of r?
1
Suppose 0 = 2*l + 12 - 16. Suppose -4*s = -3*r - 14, 0 = 3*s - l*s + 5*r + 8. Suppose s*g = 10*g - 1416. What is the tens digit of g?
7
Let r = -905 - 79. What is the tens digit of (402/9 + 0)*r/(-41)?
7
Suppose 28*p - 1316 = 21*p. Let o = 116 + p. What is the units digit of o?
4
Let o(v) = 2*v**2 - 4*v. Let d be o(3). Suppose 3*j + d = 5*x, -5*x = 3*j - 5*j - 4. Suppose -5*l + 287 + 273 = x. What is the units digit of l?
2
Let d = -5857 + 18889. What is the tens digit of d?
3
Suppose 3*z = -3*z + z. Suppose 6*t - 18*t + 1584 = z. Suppose b = 4*v - 560, -2*v - 5*b + t = -148. What is the tens digit of v?
4
Suppose 970600 = u + u + 38*u. What is the hundreds digit of u?
2
Suppose 0 = -3*w + 16 + 17. Suppose w + 7 = j. Let v = j + 62. What is the tens digit of v?
8
Suppose -k = -4*r + r + 4819, 3*r + 4*k - 4814 = 0. Suppose r = 3*j - j. What is the tens digit of (-4)/18 + 0 + j/9?
8
Let q be 1 + 6529/7 + (-214)/(-749). Suppose -i + 4*c = -q, -2*c - 2*c + 20 = 0. What is the units digit of i?
4
Let t(a) = -a**3 + 14*a**2 - 52*a + 23. Let y be t(7). Suppose 4*c = c - 4*u + 3012, -y*c - 2*u = -2006. What is the hundreds digit of c?
0
Let l(q) = 34*q**3 + 3*q**2 + 4*q - 12. Let v(s) = s**3 + s**2 + 2*s + 2. Let h be v(0). What is the tens digit of l(h)?
8
Suppose -2*g + 0*g = -5*o + 286386, -2*o + 4*g = -114548. What is the tens digit of o?
7
What is the hundreds digit of 1362/(-10 + ((-754)/(-47) - 6))?
0
What is the